
Evaluate -6 + 2 + 0 + 7.
3
-3 - -5 - (6 - 5)
1
Calculate (0 - -3) + -14 + 11.
0
What is 3 + 2 - (-4 + (7 - 2))?
4
What is -5 + 1 - ((-18 - -2) + 7)?
5
What is the value of (5 - -5) + -12 + -2?
-4
What is the value of 27 + -21 - (-4 - -11)?
-1
What is 25 - 27 - ((0 - 1) + 0)?
-1
Evaluate -2 + 2 + -1 - -6 - 1.
4
1 + -5 + 1 - (-1 + 0)
-2
What is 13 - (10 + 7 + -11)?
7
Evaluate (2 - 11 - (-2 - -2)) + 4.
-5
Evaluate -4 + 2 + 4 - 3 - -4.
3
Evaluate -6 + 7 - -4 - 1.
4
7 - ((3 - 3) + (6 - 1))
2
Evaluate 6 + (3 - 6 - 8).
-5
Evaluate -8 + (1 - -12 - 8).
-3
-1 + 2 - 8 - 0 - -3
-4
Evaluate -2 - (3 - (6 - 3)) - 0.
-2
-2 + 6 - -5 - 6
3
What is 9 - 19 - -9 - (1 - 0)?
-2
What is the value of 8 + (-18 - -7) - -7?
4
Calculate (1 - (2 - (3 + 1))) + 0.
3
Evaluate 2 - (1 - -1) - (6 + -2).
-4
Evaluate -2 + -1 + 1 + 218 + -210.
6
Evaluate (1 - 3) + (45 - 47).
-4
What is -12 - (-12 + -4 + 7 - -2)?
-5
What is 3 - (3 + 4 - -1)?
-5
What is the value of -7 + (-7 - -12) - (-18 + 10)?
6
What is -2 - 9 - 2 - (-7 - -1)?
-7
Calculate -3 + (11 - (10 + 1)).
-3
What is 0 - -1 - ((6 - 15) + 8)?
2
Evaluate 5 + -3 - -4 - 11.
-5
-3 + -1 + 2 + 0
-2
What is the value of 1 + 2 - (-13 + 15) - 0?
1
What is -14 - (-4 - (1 + (-4 - -4)))?
-9
What is the value of (0 - 0) + -2 + 1 + 2?
1
Calculate -16 - -13 - (-8 - -1).
4
What is the value of 12 + -1 + -6 - (1 + 1)?
3
-4 + (24 + -16 - (-1 + 4))
1
Evaluate -4 + 7 - (3 + -3 - -2).
1
Calculate 36 + -41 - (1 + -2).
-4
What is (-7 - (-17 + -3 + 7)) + -3?
3
Evaluate -2 + 3 - (-5 - (-4 - -3)).
5
(0 - (-4 - -4)) + (-4 - -9)
5
Calculate (-1 + 4 - 3) + (6 - -1).
7
-2 - 0 - (4 - -2 - 6)
-2
What is 1 - 1 - (-4 - -10 - 1)?
-5
1 - (-8 - (-1 + -3 + 0))
5
What is 102 - 113 - (-10 - 0)?
-1
(-1 - -5) + -19 + 9
-6
What is the value of -14 - (-9 + 6) - -10?
-1
Evaluate (-7 - -6) + (11 - -2) + -7.
5
9 + 1 + 12 + -18
4
What is (19 + -12 - 1) + 2 + 2?
10
What is 3 + 4 - (-2 + (-4 - -4))?
9
Evaluate (-42 - -35) + (3 - -2).
-2
Evaluate -7 - (5 + 3 - 11).
-4
Calculate 4 + (0 - (-2 + 4)) - 1.
1
What is the value of 0 + 2 + (63 - 61)?
4
What is the value of -1 + -1 + 4 + 9 + -8?
3
Calculate -3 + (-1 - (-1 + -1)) - 3.
-5
-21 + 25 - (-13 - -8)
9
Evaluate -1 - (-1 + -3) - 4.
-1
-2 - -7 - (-12 - -16)
1
Calculate -2 - (1 + -8) - 6.
-1
Evaluate -3 - ((-8 - 3) + 4) - 3.
1
What is 3 - 0 - (6 + -3 + 0)?
0
Calculate -4 - (-3 + (4 - (-1 + 7))).
1
-2 + 2 + 1 + -4
-3
What is the value of 1 + -1 + 3 - -3?
6
Calculate -2 + 3 - (1 + -2 + -3).
5
Evaluate 4 + -18 - (1 - 8).
-7
Evaluate 5 + (2 - 4) + 55 + -63.
-5
-10 - -11 - (-1 + 0) - 2
0
What is the value of 1 - (1 + 4 - -1)?
-5
What is the value of (6 + -9 - 2) + 0?
-5
What is the value of -7 + (-9 - -10) + 2 + 10?
6
Evaluate (-6 - -12 - 7) + 4.
3
Evaluate 2 + (-5 - (-10 + 5)).
2
What is -1 + 7 + -3 + -1 - 7?
-5
3 - 6 - 1 - 0
-4
7 + -4 + -4 - -2 - 5
-4
3 - (8 + -14 + 1)
8
Evaluate 4 + -1 + 1 - 2 - 4.
-2
0 + -7 + 4 - (-5 - -1)
1
What is the value of -2 + (-7 - -2) + 3?
-4
Evaluate -5 + -2 + 5 - -1.
-1
2 + (-2 - -6) + -3 + -2
1
What is the value of 6 + (-3 - -4) + -6?
1
Evaluate (0 - -2) + (0 - -4) + 0.
6
Evaluate -4 - (-2 - (3 + -9)).
-8
Calculate 0 - -5 - 2 - 6 - 0.
-3
Evaluate -9 + (-9 + 1 - -21).
4
Evaluate 2 + -4 + (-5 - -11).
4
What is (-7 - -4) + (4 - (10 + -5))?
-4
-2 + (-8 - (3 + -9))
-4
What is 14 + (0 - 4) - (4 - -1)?
5
-8 + -3 + 4 + 12
5
Calculate -9 - (-21 + -5 + 10).
7
-1 - -2 - (7 + (9 - 6))
-9
What is 11 - 15 - (2 - (3 - 2))?
-5
2 + (4 - ((-4 - 1) + 4))
7
What is the value of (-6 + 7 + 2 - 11) + 16?
8
Evaluate -3 + 7 + 3 + -5.
2
Calculate -10 + (5 - 0) + 4.
-1
-6 + 1 + -1 + 8
2
8 + -13 + (8 - -4)
7
What is the value of (-1 - -1) + (7 - 3) - 4?
0
Calculate -4 + (6 - (8 + -4)) + 1.
-1
What is (1 - (7 - 8)) + 1 + 0?
3
5 + (-21 - -17) + -2 + 3
2
What is (-1 - (-4 - -5)) + 0?
-2
Calculate 1 + -5 + (-2 - -5).
-1
What is the value of 4 + 6 + -4 + 8 + -8?
6
What is (3 - 1) + -3 - 3?
-4
What is 5 - -3 - (-24 + 25)?
7
Calculate 4 - (-3 + 2 - -1).
4
What is the value of 11 + (-18 - (-9 + 3))?
-1
Calculate (13 - 15) + -1 + -2.
-5
Evaluate 0 - (3 + (-2 - -4 - 4)).
-1
Calculate 5 + -1 - -1 - 7.
-2
2 - 6 - (12 + -13)
-3
Evaluate -1 - (-2 - -7 - 5).
-1
Calculate -3 - (-4 - (4 + -2 - -1)).
4
Evaluate 1 + -1 + 0 + 3 + -6.
-3
1 + (7 - -4 - 5)
7
-2 - (5 + -10 - -8)
-5
What is (-12 - -11) + -3 + 0 + 4?
0
Calculate 3 + -2 - (-1 + 0 + -2).
4
-3 + (-21 + 10 - -17)
3
-1 + 8 - (-17 - -18)
6
What is -11 + -6 + 9 + (5 - 0)?
-3
Evaluate -8 + 13 + -2 + -5 + 3.
1
What is the value of 6 + -5 + -4 + -1 + 12?
8
What is the value of (-2 - -5) + -1 + -3 + 0?
-1
Calculate 22 + 9 + -22 - 9.
0
Evaluate 5 + -2 - (10 - 12).
5
(-4 - -9) + -5 + -6
-6
What is 1 - ((1 - -3) + (0 - 2))?
-1
Calculate -1 + 4 + -5 + (5 - 0).
3
Calculate -6 - 0 - (-6 - -7).
-7
0 + 3 - (-13 - -13)
3
What is 27 - 30 - (-4 - -7)?
-6
3 + -4 + 1 - 5
-5
What is (14 + 0 - 19) + -1?
-6
Calculate (-8 - 11) + 9 - -1.
-9
4 + (0 + -1 + 3 - 4)
2
What is the value of 5 - (0 + -3 - (-17 + 14))?
5
What is the value of 6 - 2 - ((0 - 0) + -1)?
5
What is (-3 + -10 - -2) + 2 + 2?
-7
What is -3 + (-4 - 0 - -5)?
-2
What is the value of -1 + 8 + -4 + -3 + 8?
8
Calculate -5 + (-2 - (-5 + -12 + 5)).
5
What is 2 - (0 + -4 - -5)?
1
2 + (-4 - -1) + 1 - -2
2
Calculate (3 - 1) + -9 + 4 + -1.
-4
Calculate 0 + (3 - 1) + 5 + -7.
0
Calculate 2 + (-5 + 1 - (-2 + -4)).
4
7 - (8 - 8) - 8
-1
What is the value of (-4 - -6) + 0 + 0 + -5?
-3
What is the value of 12 + -1 + -5 - 9?
-3
What is 1 - -7 - (31 - 18)?
-5
Calculate 4 + (2 - 2) + (-3 - -1).
2
What is -1 - (6 + -5 + 0 + 2)?
-4
What is the value of -1 - 0 - 1 - (-5 + 6)?
-3
What is the value of -1 + -1 + -13 + 15?
0
What is the value of (-17 - 3) + (0 - -10)?
-10
Evaluate 9 + -7 + -1 + 7 + -4.
4
-4 + -1 + (13 - 8) + 3
3
What is the value of -8 + 5 + -3 - -5?
-1
(0 - -5) + -2 + 2
5
What is the value of -7 - -14 - 3 - (0 - 1)?
5
3 + 1 + -7 + 1 + -3
-5
Calculate -7 + 1 + 8 - -3.
5
Evaluate -4 - (-2 - (0 + 1 - 2)).
-3
Evaluate -1 + 6 - (2 - -4 - 4).
3
Evaluate 3 - (-2 - 2 - (-7 - -4)).
4
2 + (-2 - -2) + (-11 - -13)
4
Evaluate (-2 - 0) + 3 + (1 - 0).
2
5 + (-4 - (1 - -2))
-2
Calculate 5 + -3 + (-1 - -4) - 1.
4
What is (-2 - 3) + (-2 - -8) + 3?
4
Evaluate 3 + -3 - ((0 - -2) + -7).
5
4 - (3 + -1 - (26 + -25))
3
6 + (0 - 5) + -3
-2
Evaluate 19 + -24 - (-10 + (0 - 0)).
5
What is the value of (1 - (0 - 0)) + -124 + 120?
-3
Evaluate 1 - -3 - -2 - (3 - 2).
5
What is 4 + 2 + -5 + 2?
3
What is the value of 9 - 6 - (-5 + 9)?
-1
2 + (0 - 1) - 8
-7
Evaluate -2 - (-1 + -1 + 3).
-3
What is 11 + -2 - (13 - -4)?
-8
Calculate 2 + -4 - (66 + -64).
-4
What is 0 + 4 - (22 + -11)?
-7
Evaluate -6 + 3 - (33 + -35).
-1
What is the value of (5 - 1) + (-3 - -1) - 7?
-5
What is -36 + 33 - (1 - -1)?
-5
What is the value of -6 + (9 - 0) + (-2 - 2)?
-1
Evaluate -3 - 4 - (7 - (5 - -3)).
-6
Calculate 0 - (6 + -7) - -2 - -3.
6
7 + -2 + (9 - (21 + -14))
7
Evaluate (-2 - -9) + 1 - (33 + -25).
0
(8 - 0) + (-12 - (-8 - 1))
5
Calculate (5 - 6 - -3) + -5.
-3
Evaluate (1 + 1 - (17 + -13)) + 7.
5
What is -10 + 16 - (3 - -1)?
2
(2 - (0 + 1)) + -5
-4
What is the value of (-5 - (-5 + 3)) + -2?
-5
Calculate 1 - (1 - (3 - -1)).
4
What is the value of -23 - -12 - -20 - 9?
0
What is the value of 8 + -1 - (1 + 3 + 0)?
3
-2 + 3 + -2 + 15 + -8
6
-9 + 14 + 7 + -3
9
What is 2 + 5 - (10 + 3 - 8)?
2
-6 + (6 - -4 - -4)
8
(-16 - -15) + -3 + 0
-4
(-2 - (2 - 6)) + 3 - 1
4
Evaluate -4 + 8 + -4 + -3.
-3
What is the value of -1 - 0 - 1 - (4 - 3)?
-3
What is (-38 - -33) + -1 + 6 + 4?
4
What is -1 + 5 + (-6 - -6)?
4
Evaluate -8 - (-9 + (-4 - -9)).
-4
What is (-1 - -1) + (-1 - -4 - 5)?
-2
4 + -5 + (-4 - 0)
-5
-12 - (12 + -4 + -15)
-5
11 - 15 - 5 - 1
-10
4 + -4 - (0 - -1)
-1
What is -5 + 7 + 20 + -13?
9
(2 - 0) + (7 - (14 - 1))
-4
Calculate -4 - (6 + -6 - (1 - 1)).
-4
What is -4 + (-4 - 0) + 12?
4
-1 - (-5 - (-5 + 5 + -7))
-3
((1 - 0) + -12 - 0) + 5
-6
What is -2 + -2 - (3 + (1 - 9))?
1
2 + 6 + -6 + (3 - 1)
4
Calculate 3 + 4 + -8 + 3.
2
What is -2 - (-3 - -9 - (7 - 4))?
-5
What is -6 - (-5 - (15 - 7) - -6)?
1
Evaluate -4 - (-2 - (3 + -4)).
-3
(3 + -9 + 3 - -8) + -3
2
6 - (17 + -11 + 4)
-4
-2 - -4 - (6 - (14 + -7))
3
What is 9 - (27 - 11 - 7)?
0
What is 1 + (-3 + 6 - 0)?
4
What is the value of -4 - (-7 - (5 - 7))?
1
Evaluate 7 + (0 - (13